{"id":8062,"date":"2018-10-14T17:59:53","date_gmt":"2018-10-14T09:59:53","guid":{"rendered":"https:\/\/digitaiwan.com\/?page_id=8062"},"modified":"2018-12-24T03:57:42","modified_gmt":"2018-12-23T19:57:42","slug":"%e4%b8%ad%e5%9c%8b%e7%b6%93%e6%bf%9f%e6%ad%a3%e6%9c%9d%e5%90%91%e3%80%8c%e5%9b%9e%e6%ad%b8%e5%9f%ba%e6%9c%ac%e9%9d%a2%e3%80%8d%e7%99%bc%e5%b1%95","status":"publish","type":"page","link":"https:\/\/digitaiwan.com\/?page_id=8062","title":{"rendered":"\u4e2d\u570b\u7d93\u6fdf\u6b63\u671d\u5411\u300c\u56de\u6b78\u57fa\u672c\u9762\u300d\u767c\u5c55"},"content":{"rendered":"<p><strong>Tiong-kok \u00ea keng-ch\u00e8 tng-boeh hi\u00f2ng &#8220;h\u00f4e-kui ki-p\u00fan-b\u012bn&#8221; hoat-ti\u00e1n.<\/strong><\/p>\n<p>Sa\u207f-n\u00ee-l\u00e2i g\u00f3a to it-ti\u030dt k\u00e9ng-k\u00f2: Tiong-kok \u00ea keng-ch\u00e8 tng-boeh hi\u00f2ng &#8220;h\u00f4e-kui ki-p\u00fan-b\u012bn&#8221; hoat-ti\u00e1n.<br \/>\n\u4e09\u5e74\u4f86\u6211\u5c31\u4e00\u76f4\u8b66\u544a\uff1a\u4e2d\u570b\u7d93\u6fdf\u6b63\u671d\u5411\u300c\u56de\u6b78\u57fa\u672c\u9762\u300d\u767c\u5c55\u3002<\/p>\n<p><img loading=\"lazy\" decoding=\"async\" class=\"alignnone size-full wp-image-8058\" src=\"https:\/\/digitaiwan.com\/home\/wp-content\/uploads\/2018\/10\/\u4e2d\u570b\u7d93\u6fdf\u6b63\u671d\u5411\u56de\u6b78\u57fa\u672c\u9762\u767c\u5c55-1-2.jpg\" alt=\"\" width=\"1042\" height=\"1016\" srcset=\"https:\/\/digitaiwan.com\/home\/wp-content\/uploads\/2018\/10\/\u4e2d\u570b\u7d93\u6fdf\u6b63\u671d\u5411\u56de\u6b78\u57fa\u672c\u9762\u767c\u5c55-1-2.jpg 1042w, https:\/\/digitaiwan.com\/home\/wp-content\/uploads\/2018\/10\/\u4e2d\u570b\u7d93\u6fdf\u6b63\u671d\u5411\u56de\u6b78\u57fa\u672c\u9762\u767c\u5c55-1-2-300x293.jpg 300w, https:\/\/digitaiwan.com\/home\/wp-content\/uploads\/2018\/10\/\u4e2d\u570b\u7d93\u6fdf\u6b63\u671d\u5411\u56de\u6b78\u57fa\u672c\u9762\u767c\u5c55-1-2-768x749.jpg 768w, https:\/\/digitaiwan.com\/home\/wp-content\/uploads\/2018\/10\/\u4e2d\u570b\u7d93\u6fdf\u6b63\u671d\u5411\u56de\u6b78\u57fa\u672c\u9762\u767c\u5c55-1-2-1024x998.jpg 1024w, https:\/\/digitaiwan.com\/home\/wp-content\/uploads\/2018\/10\/\u4e2d\u570b\u7d93\u6fdf\u6b63\u671d\u5411\u56de\u6b78\u57fa\u672c\u9762\u767c\u5c55-1-2-250x244.jpg 250w, https:\/\/digitaiwan.com\/home\/wp-content\/uploads\/2018\/10\/\u4e2d\u570b\u7d93\u6fdf\u6b63\u671d\u5411\u56de\u6b78\u57fa\u672c\u9762\u767c\u5c55-1-2-400x390.jpg 400w\" sizes=\"auto, (max-width: 709px) 85vw, (max-width: 909px) 67vw, (max-width: 1362px) 62vw, 840px\" \/><\/p>\n<blockquote>\n<ol>\n<li>\u6a13\u5e02\u6ce1\u6cab\u5c07\u5451\u566c\u5bcc\u4eba\u8ca1\u5bcc\u3002<\/li>\n<li>\u500b\u4eba\u7406\u8ca1\u5c07\u51fa\u73fe\u5927\u898f\u6a21\u9055\u7d04\u3002<\/li>\n<li>\u4e16\u754c\u5de5\u5ee0\u98a8\u5149\u4e0d\u518d\uff0c\u50cf\u90ed\u8463\u904e\u53bb\u53f1\u5412\u98a8\u96f2\u7684\u6642\u4ee3\u5df2\u6210\u5f80\u4e8b\u3002<\/li>\n<li>\u91cd\u6c61\u67d3\uff0c\u91cd\u8017\u80fd\u4f01\u696d\u88ab\u6e05\u9664\u3002<\/li>\n<li>\u4eba\u6c11\u5e63\u5347\u503c\u6ce1\u6cab\u5439\u7834\u3002<\/li>\n<li>\u6ce1\u6cab\u7522\u696d\u88ab\u64e0\u51fa\u6548\u61c9\uff0c\u773e\u591a\u53f0\u5546\u88ab\u6d17\u51fa\u4e2d\u570b\u5927\u9678\u3002<\/li>\n<li>\u5bcc\u4e8c\u4ee3\u6557\u5bb6\uff0c\u8ca1\u5bcc\u4f86\u5f97\u592a\u5feb\uff0c\u4e8c\u4ee3\u63d0\u524d\u6557\u5bb6\u3002<\/li>\n<\/ol>\n<\/blockquote>\n<h3>2017\/1\/4<\/h3>\n<p><img loading=\"lazy\" decoding=\"async\" class=\"alignnone size-full wp-image-8060\" src=\"https:\/\/digitaiwan.com\/home\/wp-content\/uploads\/2018\/10\/\u4e2d\u570b\u7d93\u6fdf\u6b63\u671d\u5411\u56de\u6b78\u57fa\u672c\u9762\u767c\u5c55-2-1.jpg\" alt=\"\" width=\"1042\" height=\"302\" srcset=\"https:\/\/digitaiwan.com\/home\/wp-content\/uploads\/2018\/10\/\u4e2d\u570b\u7d93\u6fdf\u6b63\u671d\u5411\u56de\u6b78\u57fa\u672c\u9762\u767c\u5c55-2-1.jpg 1042w, https:\/\/digitaiwan.com\/home\/wp-content\/uploads\/2018\/10\/\u4e2d\u570b\u7d93\u6fdf\u6b63\u671d\u5411\u56de\u6b78\u57fa\u672c\u9762\u767c\u5c55-2-1-300x87.jpg 300w, https:\/\/digitaiwan.com\/home\/wp-content\/uploads\/2018\/10\/\u4e2d\u570b\u7d93\u6fdf\u6b63\u671d\u5411\u56de\u6b78\u57fa\u672c\u9762\u767c\u5c55-2-1-768x223.jpg 768w, https:\/\/digitaiwan.com\/home\/wp-content\/uploads\/2018\/10\/\u4e2d\u570b\u7d93\u6fdf\u6b63\u671d\u5411\u56de\u6b78\u57fa\u672c\u9762\u767c\u5c55-2-1-1024x297.jpg 1024w, https:\/\/digitaiwan.com\/home\/wp-content\/uploads\/2018\/10\/\u4e2d\u570b\u7d93\u6fdf\u6b63\u671d\u5411\u56de\u6b78\u57fa\u672c\u9762\u767c\u5c55-2-1-250x72.jpg 250w, https:\/\/digitaiwan.com\/home\/wp-content\/uploads\/2018\/10\/\u4e2d\u570b\u7d93\u6fdf\u6b63\u671d\u5411\u56de\u6b78\u57fa\u672c\u9762\u767c\u5c55-2-1-400x116.jpg 400w\" sizes=\"auto, (max-width: 709px) 85vw, (max-width: 909px) 67vw, (max-width: 1362px) 62vw, 840px\" \/><\/p>\n<h3>2015\/9\/10<\/h3>\n<p><img loading=\"lazy\" decoding=\"async\" class=\"alignnone size-full wp-image-8063\" src=\"https:\/\/digitaiwan.com\/home\/wp-content\/uploads\/2018\/10\/\u4e2d\u570b\u7d93\u6fdf\u6b63\u671d\u5411\u56de\u6b78\u57fa\u672c\u9762\u767c\u5c55-3.jpg\" alt=\"\" width=\"1042\" height=\"544\" srcset=\"https:\/\/digitaiwan.com\/home\/wp-content\/uploads\/2018\/10\/\u4e2d\u570b\u7d93\u6fdf\u6b63\u671d\u5411\u56de\u6b78\u57fa\u672c\u9762\u767c\u5c55-3.jpg 1042w, https:\/\/digitaiwan.com\/home\/wp-content\/uploads\/2018\/10\/\u4e2d\u570b\u7d93\u6fdf\u6b63\u671d\u5411\u56de\u6b78\u57fa\u672c\u9762\u767c\u5c55-3-300x157.jpg 300w, https:\/\/digitaiwan.com\/home\/wp-content\/uploads\/2018\/10\/\u4e2d\u570b\u7d93\u6fdf\u6b63\u671d\u5411\u56de\u6b78\u57fa\u672c\u9762\u767c\u5c55-3-768x401.jpg 768w, https:\/\/digitaiwan.com\/home\/wp-content\/uploads\/2018\/10\/\u4e2d\u570b\u7d93\u6fdf\u6b63\u671d\u5411\u56de\u6b78\u57fa\u672c\u9762\u767c\u5c55-3-1024x535.jpg 1024w, https:\/\/digitaiwan.com\/home\/wp-content\/uploads\/2018\/10\/\u4e2d\u570b\u7d93\u6fdf\u6b63\u671d\u5411\u56de\u6b78\u57fa\u672c\u9762\u767c\u5c55-3-250x131.jpg 250w, https:\/\/digitaiwan.com\/home\/wp-content\/uploads\/2018\/10\/\u4e2d\u570b\u7d93\u6fdf\u6b63\u671d\u5411\u56de\u6b78\u57fa\u672c\u9762\u767c\u5c55-3-400x209.jpg 400w\" sizes=\"auto, (max-width: 709px) 85vw, (max-width: 909px) 67vw, (max-width: 1362px) 62vw, 840px\" \/><\/p>\n<h3>2015\/3\/9<\/h3>\n<p><img loading=\"lazy\" decoding=\"async\" class=\"alignnone size-full wp-image-8065\" src=\"https:\/\/digitaiwan.com\/home\/wp-content\/uploads\/2018\/10\/\u4e2d\u570b\u7d93\u6fdf\u6b63\u671d\u5411\u56de\u6b78\u57fa\u672c\u9762\u767c\u5c55-4.jpg\" alt=\"\" width=\"1042\" height=\"882\" srcset=\"https:\/\/digitaiwan.com\/home\/wp-content\/uploads\/2018\/10\/\u4e2d\u570b\u7d93\u6fdf\u6b63\u671d\u5411\u56de\u6b78\u57fa\u672c\u9762\u767c\u5c55-4.jpg 1042w, https:\/\/digitaiwan.com\/home\/wp-content\/uploads\/2018\/10\/\u4e2d\u570b\u7d93\u6fdf\u6b63\u671d\u5411\u56de\u6b78\u57fa\u672c\u9762\u767c\u5c55-4-300x254.jpg 300w, https:\/\/digitaiwan.com\/home\/wp-content\/uploads\/2018\/10\/\u4e2d\u570b\u7d93\u6fdf\u6b63\u671d\u5411\u56de\u6b78\u57fa\u672c\u9762\u767c\u5c55-4-768x650.jpg 768w, https:\/\/digitaiwan.com\/home\/wp-content\/uploads\/2018\/10\/\u4e2d\u570b\u7d93\u6fdf\u6b63\u671d\u5411\u56de\u6b78\u57fa\u672c\u9762\u767c\u5c55-4-1024x867.jpg 1024w, https:\/\/digitaiwan.com\/home\/wp-content\/uploads\/2018\/10\/\u4e2d\u570b\u7d93\u6fdf\u6b63\u671d\u5411\u56de\u6b78\u57fa\u672c\u9762\u767c\u5c55-4-250x212.jpg 250w, https:\/\/digitaiwan.com\/home\/wp-content\/uploads\/2018\/10\/\u4e2d\u570b\u7d93\u6fdf\u6b63\u671d\u5411\u56de\u6b78\u57fa\u672c\u9762\u767c\u5c55-4-400x339.jpg 400w\" sizes=\"auto, (max-width: 709px) 85vw, (max-width: 909px) 67vw, (max-width: 1362px) 62vw, 840px\" \/><\/p>\n<p style=\"text-align: center;\"><a href=\"\/?page_id=84\">Lim Bun-hoa (\u6797\u6587\u83ef)<\/a>\u30002018\/10\/14<\/p>\n","protected":false},"excerpt":{"rendered":"<p>Tiong-kok \u00ea keng-ch\u00e8 tng-boeh hi\u00f2ng &#8220;h\u00f4e-kui ki-p &hellip; <a href=\"https:\/\/digitaiwan.com\/?page_id=8062\" class=\"more-link\">\u95b1\u8b80\u5168\u6587<span class=\"screen-reader-text\">\u3008\u4e2d\u570b\u7d93\u6fdf\u6b63\u671d\u5411\u300c\u56de\u6b78\u57fa\u672c\u9762\u300d\u767c\u5c55\u3009<\/span><\/a><\/p>\n","protected":false},"author":1,"featured_media":0,"parent":8359,"menu_order":0,"comment_status":"closed","ping_status":"closed","template":"","meta":{"footnotes":""},"categories":[60],"tags":[78,132],"class_list":["post-8062","page","type-page","status-publish","hentry","category-60","tag-78","tag-132"],"_links":{"self":[{"href":"https:\/\/digitaiwan.com\/index.php?rest_route=\/wp\/v2\/pages\/8062","targetHints":{"allow":["GET"]}}],"collection":[{"href":"https:\/\/digitaiwan.com\/index.php?rest_route=\/wp\/v2\/pages"}],"about":[{"href":"https:\/\/digitaiwan.com\/index.php?rest_route=\/wp\/v2\/types\/page"}],"author":[{"embeddable":true,"href":"https:\/\/digitaiwan.com\/index.php?rest_route=\/wp\/v2\/users\/1"}],"replies":[{"embeddable":true,"href":"https:\/\/digitaiwan.com\/index.php?rest_route=%2Fwp%2Fv2%2Fcomments&post=8062"}],"version-history":[{"count":5,"href":"https:\/\/digitaiwan.com\/index.php?rest_route=\/wp\/v2\/pages\/8062\/revisions"}],"predecessor-version":[{"id":8916,"href":"https:\/\/digitaiwan.com\/index.php?rest_route=\/wp\/v2\/pages\/8062\/revisions\/8916"}],"up":[{"embeddable":true,"href":"https:\/\/digitaiwan.com\/index.php?rest_route=\/wp\/v2\/pages\/8359"}],"wp:attachment":[{"href":"https:\/\/digitaiwan.com\/index.php?rest_route=%2Fwp%2Fv2%2Fmedia&parent=8062"}],"wp:term":[{"taxonomy":"category","embeddable":true,"href":"https:\/\/digitaiwan.com\/index.php?rest_route=%2Fwp%2Fv2%2Fcategories&post=8062"},{"taxonomy":"post_tag","embeddable":true,"href":"https:\/\/digitaiwan.com\/index.php?rest_route=%2Fwp%2Fv2%2Ftags&post=8062"}],"curies":[{"name":"wp","href":"https:\/\/api.w.org\/{rel}","templated":true}]}}