{"id":6064,"date":"2018-06-16T18:08:29","date_gmt":"2018-06-16T10:08:29","guid":{"rendered":"https:\/\/digitaiwan.com\/?page_id=6064"},"modified":"2018-12-24T03:58:50","modified_gmt":"2018-12-23T19:58:50","slug":"%e7%a4%81%e6%ba%aa%e5%8f%aa%e8%83%bd%e5%a7%94%e8%ba%ab%e7%82%ba%e5%ae%9c%e8%98%ad%e7%9a%84%e3%80%8c%e6%b5%b4%e5%ae%a4%e3%80%8d%e5%97%8e%ef%bc%9f","status":"publish","type":"page","link":"https:\/\/digitaiwan.com\/?page_id=6064","title":{"rendered":"\u7901\u6eaa\u53ea\u80fd\u59d4\u8eab\u70ba\u5b9c\u862d\u7684\u300c\u6d74\u5ba4\u300d\u55ce\uff1f"},"content":{"rendered":"<p><strong>Ta-khe ch\u00ed-kan-ta \u0113-t\u00e0ng \u00fai-sin ch\u00f2 G\u00ee-l\u00e2n \u00ea &#8220;e\u030dk-keng-\u00e1&#8221; m\u0101?<\/strong><\/p>\n<p>Si\u0101ng-k\u00e0i-h\u014d\u0358\u00a0G\u00ee-l\u00e2n\u00a0hiong-chhin\u00a0kiau-ng\u014d\u0358-\u00ea\u00a0tio\u030dh-s\u012b &#8220;b\u00fbn-h\u00f2a-li\u030dp-k\u014dan&#8221;\u00a0s\u00ec-j\u012b;\u00a0m\u0304-koh a\u00a0Ta-khe\u00a0neh?\u00a0Ta-khe\u00a0\u00ea\u00a0b\u00fbn-h\u00f2a\u00a0te\u030dk-sek\u00a0s\u012b-siah\u207f?\u00a0\u016a-si\u00e1\u207f-mih\u00a0\u0113-t\u00e0ng\u00a0h\u014d\u0358\u00a0Ta-khe\u00a0s\u00e8-ki-l\u00e2ng\u00a0kiau-ng\u014d\u0358?\u00a0Ta-khe ch\u00ed-kan-ta \u0113-t\u00e0ng \u00fai-sin ch\u00f2 G\u00ee-l\u00e2n \u00ea &#8220;e\u030dk-keng-\u00e1&#8221; m\u0101?\u00a0Ta-khe b\u0113-t\u00e0ng chi\u00e2\u207f-ch\u00f2e iu-chit l\u00ee-chhi\u00e1\u207f kok-ch\u00e8-h\u00f2a \u00ea &#8220;b\u00fbn-h\u00f2a k\u00f3\u0358-hiang&#8221; m\u0101?<br \/>\n\u6700\u8b93\u5b9c\u862d\u9109\u89aa\u6602\u9996\u9a55\u50b2\u7684\u5c31\u662f\u300c\u6587\u5316\u7acb\u7e23\u300d\u56db\u500b\u5b57\uff1b\u4f46\u554f\uff0c\u7901\u6eaa\u5462\uff1f\u7901\u6eaa\u7684\u7279\u6709\u6587\u5316\u662f\u4ec0\u9ebc\uff1f\u6709\u6c92\u6709\u4ec0\u9ebc\u80fd\u8b93\u7901\u6eaa\u4e16\u5c45\u4eba\u9a55\u50b2\uff1f\u7901\u6eaa\u53ea\u80fd\u59d4\u8eab\u70ba\u5b9c\u862d\u7684\u300c\u6d74\u5ba4\u300d\u55ce\uff1f\u7901\u6eaa\u4e0d\u80fd\u6210\u70ba\u512a\u8cea\u4e14\u570b\u969b\u5316\u7684\u300c\u6587\u5316\u53e4\u9109\u300d\u55ce\uff1f<\/p>\n<h5>B\u00f4-si\u016b ti\u014dng-s\u012b \u00ea Ta-khe b\u00fbn-h\u00f2a ti\u207f-p\u00f3<br \/>\n\u88ab\u5ffd\u8996\u7684\u7901\u6eaa\u6587\u5316\u73cd\u5bf6<\/h5>\n<p>B\u00fbn-sia\u207f-ho\u030dk-ki\u0101n-\u012b\u207f\u00a0chham\u00a0L\u00f4-s\u00een-h\u016b\u00a0\u00ea \u00fai-t\u0101i\u00a0k\u00f2\u0358-s\u016b,\u00a0\u00ed-keng\u00a0t\u012b\u00a0Ta-khe\u00a0t\u00e8ng-kin\u00a0chhiau-k\u00f2e\u00a0p\u00f2a\u207f-s\u00e8-k\u00ed; T\u00f2e-tio\u030dh\u00a0L\u00f4-s\u00een-h\u016b\u00a0n\u00ee-l\u0101u\u00a0h\u00f4e-hiong,\u00a0B\u00fbn-sia\u207f-k\u00f2\u0358-s\u016b\u00a0th\u00e2u-chi\u030dt-phi\u207f m\u0101\u00a0\u00f4an-b\u00ed\u00a0k\u00e0u-chi\u030dt-kh\u00e1m-ch\u0101m.\u00a0M\u0304-koh,\u00a0B\u00fbn-sia\u207f-k\u00f2\u0358-s\u016b\u00a0p\u0113ng-b\u00f4\u00a0kiat-sok, Tng-tong\u00a0Ta-khe\u00a0hiong-chhin\u00a0s\u00f3\u0358-k\u00ee-th\u0101i\u00a0\u00ea\u00a0cheng-chh\u00e1i\u00a0chiap-s\u00f2a-phi\u207f i\u00e1u-koh-teh\u00a0p\u012b-p\u0101n-tiong, 6\/6\u00a0th\u00e0u-ch\u00e1\u00a0hi\u00f4ng-hi\u00f4ng\u00a0po\u030dk-hoat\u00a0kia\u207f&#8211;l\u00e2ng\u00a0ph\u00e1i\u207f-t\u0101i &#8220;B\u00fbn-sia\u207f h\u014d\u0358-l\u00e2ng k\u00f2ng-ph\u00e1i\u207f-ah&#8221;; B\u00f4-l\u00e2ng\u00a0siong-s\u00ecn\u00a0chit-kh\u00f3an\u00a0t\u0101i-ch\u00ec\u00a0chin-chi\u00e0\u207f\u00a0hoat-seng-ah! Chin-chi\u00e0\u207f\u00a0\u016b-l\u00e2ng\u00a0\u0113-t\u00e2ng-chhi\u00fa\u00a0beh h\u00fai-ti\u0101u &#8220;Ta-khe b\u00fbn-h\u00f2a ti\u207f-p\u00f3&#8221;?<br \/>\n\u6587\u8072\u5fa9\u5065\u9662\u8207\u7f85\u795e\u7236\u7684\u5049\u5927\u6545\u4e8b\uff0c\u5df2\u5728\u7901\u6eaa\u5b55\u80b2\u8d85\u904e\u534a\u4e16\u7d00\uff1b\u96a8\u8457\u7f85\u795e\u7236\u5e74\u8001\u56de\u9109\uff0c\u6587\u8072\u6545\u4e8b\u9996\u90e8\u66f2\u5df2\u5b8c\u7f8e\u544a\u4e00\u6bb5\u843d\u3002\u4f46\u662f\uff0c\u6587\u8072\u6545\u4e8b\u4e26\u672a\u7d50\u675f\uff0c\u6b63\u7576\u7901\u6eaa\u4eba\u671f\u5f85\u7684\u7cbe\u5f69\u4e8c\u90e8\u66f2\u9084\u5728\u919e\u91c0\u4e2d\uff0c 6\/6 \u4e00\u65e9\u7a81\u7136\u7206\u767c\u9a5a\u4eba\u5669\u8017\u300c\u6587\u8072\u88ab\u7834\u58de\u300d\uff1b\u4efb\u8ab0\u90fd\u4e0d\u76f8\u4fe1\u9019\u4e8b\u6703\u771f\u7684\u767c\u751f\uff01\u771f\u6709\u4eba\u6703\u52d5\u624b\u7838\u6bc0\u300c\u7901\u6eaa\u6587\u5316\u73cd\u5bf6\u300d\uff1f<\/p>\n<p>P\u012b-hoat-hi\u0101n\u00a0lia\u030dt-k\u00f3an-tiong\u00a0\u00ea Ta-khe\u00a0B\u00fbn-sia\u207f-ho\u030dk-ki\u0101n-\u012b\u207f\u00a0h\u014d\u0358-l\u00e2ng\u00a0\u201cchhiat-tn\u0302g-ph\u00f2a-pak\u201d,\u00a0it-ti\u030dt-k\u00e0u\u00a0t\u0113-10-kang\u00a0chiong-\u00ee\u00a0kh\u00f2a\u207f&#8211;tio\u030dh\u00a0k\u00f3an-l\u00ed-chi\u00e1\u00a0\u00ea\u00a0k\u00f3ng-hoat.<br \/>\n\u88ab\u767c\u73fe\u5217\u7ba1\u4e2d\u7901\u6eaa\u6587\u8072\u5fa9\u5065\u9662\u906d\u4eba\u300c\u958b\u8178\u7834\u809a\u300d\uff0c\u81f3\u7b2c 10 \u5929\u7d42\u65bc\u898b\u5230\u7ba1\u7406\u8005\u7684\u8aaa\u6cd5\u3002<\/p>\n<p><a href=\"\/home\/wp-content\/uploads\/2018\/06\/\u6587\u8072\u88ab\u62c6\uff0c\u5929\u4e3b\u6559\u8aaa\u6cd5\u3002-1.png\"><img loading=\"lazy\" decoding=\"async\" class=\"alignnone size-full wp-image-6061\" src=\"\/home\/wp-content\/uploads\/2018\/06\/\u6587\u8072\u88ab\u62c6\uff0c\u5929\u4e3b\u6559\u8aaa\u6cd5\u3002-1.png\" alt=\"\" width=\"1572\" height=\"1209\" srcset=\"https:\/\/digitaiwan.com\/home\/wp-content\/uploads\/2018\/06\/\u6587\u8072\u88ab\u62c6\uff0c\u5929\u4e3b\u6559\u8aaa\u6cd5\u3002-1.png 1572w, https:\/\/digitaiwan.com\/home\/wp-content\/uploads\/2018\/06\/\u6587\u8072\u88ab\u62c6\uff0c\u5929\u4e3b\u6559\u8aaa\u6cd5\u3002-1-250x192.png 250w, https:\/\/digitaiwan.com\/home\/wp-content\/uploads\/2018\/06\/\u6587\u8072\u88ab\u62c6\uff0c\u5929\u4e3b\u6559\u8aaa\u6cd5\u3002-1-400x308.png 400w, https:\/\/digitaiwan.com\/home\/wp-content\/uploads\/2018\/06\/\u6587\u8072\u88ab\u62c6\uff0c\u5929\u4e3b\u6559\u8aaa\u6cd5\u3002-1-300x231.png 300w, https:\/\/digitaiwan.com\/home\/wp-content\/uploads\/2018\/06\/\u6587\u8072\u88ab\u62c6\uff0c\u5929\u4e3b\u6559\u8aaa\u6cd5\u3002-1-768x591.png 768w, https:\/\/digitaiwan.com\/home\/wp-content\/uploads\/2018\/06\/\u6587\u8072\u88ab\u62c6\uff0c\u5929\u4e3b\u6559\u8aaa\u6cd5\u3002-1-1024x788.png 1024w\" sizes=\"auto, (max-width: 709px) 85vw, (max-width: 909px) 67vw, (max-width: 1362px) 62vw, 840px\" \/><\/a><\/p>\n<h5>K\u00f2e-l\u014d\u0358-kheh sim-th\u00e0i? H\u014d\u0358-l\u00e2ng\u00a0chin-ph\u00e1i\u207f\u00a0l\u00ed-k\u00e1i!<br \/>\n\u904e\u8def\u5ba2\u5fc3\u614b\uff1f\u8b93\u4eba\u96e3\u4ee5\u7406\u89e3\uff01<\/h5>\n<p>Chit-phi\u207f-b\u00fbn\u00a0chha-put-to\u00a0chia\u030dh-j\u012bn\u00a0s\u012b\u00a0Thian-ch\u00fa-k\u00e0u\u00a0tong-kio\u030dk\u00a0h\u00ed-kh\u00f3-h\u0101,\u00a0k\u00fai-kang-ch\u00eang\u00a0i\u00fb\u00a0k\u00f3an-l\u00ed\u00a0\u00ea\u00a0siu-h\u014de\u00a0ch\u00ecn-h\u00eang\u00a0thiah-t\u00fb-tiong.<br \/>\n\u6574\u7bc7\u6587\u7ae0\u4f3c\u4e4e\u627f\u8a8d\u662f\u5929\u4e3b\u6559\u7576\u5c40\u8a31\u53ef\u4e0b\uff0c\u65e5\u524d\u7531\u7ba1\u7406\u7684\u4fee\u6703\u9032\u884c\u62c6\u9664\u4e2d\u3002<\/p>\n<p>Ch\u00ed-s\u012b\u00a0g\u00fan\u00a0chin-si\u016b\u207f-b\u00f4,\u00a0\u016bi-h\u00f4\u00a0ti\u00e2u-\u00ec-k\u00f2\u0358\u00a0p\u00f3-li\u00fb\u00a0kh\u00f2a\u207f-\u0113-tio\u030dh\u00a0\u00ea\u00a0g\u014da-kh\u00e1u-piah,\u00a0h\u014d\u0358\u00a0ki-k\u016b\u00a0b\u00f9n-ji\u030dp-kh\u00ec\u00a0ch\u00f4an-b\u012bn\u00a0thiah-t\u00fb? S\u012b\u00a0tam-sim\u00a0thiah&#8211;k\u00e0u\u00a0chi\u030dt-p\u00f2a\u207f\u00a0h\u014d\u0358-l\u00e2ng p\u00f2-k\u00e9ng\u00a0ch\u00f3\u0358-ch\u00ed\u00a0s\u012b-m\u0304? Si\u016b\u207f-beh\u00a0\u0113ng\u00a0si\u014dng-k\u00edn\u00a0\u00ea\u00a0sok-t\u014d\u0358\u00a0thiat-t\u00e9 thiah-h\u00fai\u00a0m\u0101?<br \/>\n\u53ea\u662f\u6211\u5011\u5f88\u7d0d\u60b6\uff0c\u70ba\u4f55\u523b\u610f\u4fdd\u7559\u53ef\u8996\u9762\u7684\u5916\u89c0\uff0c\u8b93\u6a5f\u5177\u7a7f\u5165\u5168\u9762\u7838\u5c4b\uff1f\u662f\u64d4\u5fc3\u62c6\u5230\u4e00\u534a\u88ab\u5831\u8b66\u963b\u6b62\u55ce\uff1f\u60f3\u4ee5\u6700\u5feb\u901f\u5ea6\u5fb9\u5e95\u62c6\u6bc0\u55ce\uff1f<\/p>\n<p><a href=\"\/home\/wp-content\/uploads\/2018\/06\/\u6587\u8072\u88ab\u62c6\uff0c\u5929\u4e3b\u6559\u8aaa\u6cd5\u3002-2.png\"><img loading=\"lazy\" decoding=\"async\" class=\"alignnone size-full wp-image-6062\" src=\"\/home\/wp-content\/uploads\/2018\/06\/\u6587\u8072\u88ab\u62c6\uff0c\u5929\u4e3b\u6559\u8aaa\u6cd5\u3002-2.png\" alt=\"\" width=\"1572\" height=\"1149\" srcset=\"https:\/\/digitaiwan.com\/home\/wp-content\/uploads\/2018\/06\/\u6587\u8072\u88ab\u62c6\uff0c\u5929\u4e3b\u6559\u8aaa\u6cd5\u3002-2.png 1572w, https:\/\/digitaiwan.com\/home\/wp-content\/uploads\/2018\/06\/\u6587\u8072\u88ab\u62c6\uff0c\u5929\u4e3b\u6559\u8aaa\u6cd5\u3002-2-250x183.png 250w, https:\/\/digitaiwan.com\/home\/wp-content\/uploads\/2018\/06\/\u6587\u8072\u88ab\u62c6\uff0c\u5929\u4e3b\u6559\u8aaa\u6cd5\u3002-2-400x292.png 400w, https:\/\/digitaiwan.com\/home\/wp-content\/uploads\/2018\/06\/\u6587\u8072\u88ab\u62c6\uff0c\u5929\u4e3b\u6559\u8aaa\u6cd5\u3002-2-300x219.png 300w, https:\/\/digitaiwan.com\/home\/wp-content\/uploads\/2018\/06\/\u6587\u8072\u88ab\u62c6\uff0c\u5929\u4e3b\u6559\u8aaa\u6cd5\u3002-2-768x561.png 768w, https:\/\/digitaiwan.com\/home\/wp-content\/uploads\/2018\/06\/\u6587\u8072\u88ab\u62c6\uff0c\u5929\u4e3b\u6559\u8aaa\u6cd5\u3002-2-1024x748.png 1024w\" sizes=\"auto, (max-width: 709px) 85vw, (max-width: 909px) 67vw, (max-width: 1362px) 62vw, 840px\" \/><\/a><\/p>\n<p>Kok-s\u00een-h\u016b\u00a0k\u00f3ng: &#8220;Chi\u030dt-hong-b\u012bn\u00a0che\u00a0ki\u00e0n-tio\u030dk-bu\u030dt\u00a0m\u0304-s\u012b\u00a0\u00a0chin-\u016b\u00a0te\u030dk-sek,\u00a0le\u030dk-s\u00fa\u00a0m\u0101-b\u00f4-s\u01f9g\u00a0iu-ki\u00fa; L\u00ee-chhi\u00e1\u207f,\u00a0kh\u00f3-l\u016b\u00a0s\u012b-m\u0304-s\u012b\u00a0p\u00f3-li\u00fb\u00a0chia-\u00ea\u00a0chh\u00f9,\u00a0m\u0101-\u00e0i\u00a0h\u00fb-ha\u030dp\u00a0siu-h\u014de\u00a0\u00ea\u00a0ho\u030dk-b\u016b\u00a0cheng-s\u00een.<br \/>\n\u8c37\u795e\u7236\u8aaa\uff1a\u300c\u4e00\u65b9\u9762\u9019\u5efa\u7bc9\u7269\u4e0d\u662f\u5f88\u6709\u7279\u8272\uff0c\u6b77\u53f2\u4e5f\u4e0d\u7b97\u60a0\u4e45\uff1b\u800c\u4e14\uff0c\u8003\u616e\u662f\u5426\u4fdd\u7559\u9019\u623f\u5b50\uff0c\u4e5f\u8981\u7b26\u5408\u4fee\u6703\u7684\u670d\u52d9\u7cbe\u795e\u3002\u300d<\/p>\n<p>Kh\u00f2a\u207f-tio\u030dh\u00a0Kok-s\u00een-h\u016b\u00a0k\u00f3ng-hoat,\u00a0h\u014d\u0358-l\u00e2ng\u00a0kia\u207f-g\u00ee! G\u00f3a\u00a0ch\u00ed-\u0113-t\u00e0ng\u00a0k\u00f3ng,\u00a0<span style=\"color: #ff00ff;\"><strong>ch\u00ed-\u016b k\u00f2e-l\u014d\u0358-kheh sim-th\u00e0i \u00ea l\u00e2ng, chiah b\u00f4-j\u012bm-\u00fbi &#8220;B\u00fbn-sia\u207f kh\u016b-i\u00fa T\u00e2i-\u00f4an b\u00fbn-h\u00f2a \u00fbi-s\u00e1n k\u00e8-ta\u030dt&#8221;.<\/strong><\/span>\u00a0Hi-b\u0101ng\u00a0che\u00a0ch\u00ed-s\u012b\u00a0Kok-s\u00een-h\u016b\u00a0\u00ea\u00a0j\u012bm-ti, g\u00f3a\u00a0\u00f4an-ch\u00f4an\u00a0b\u00f4-siong-s\u00ecn\u00a0che-s\u012b\u00a0Thian-ch\u00fa-k\u00e0u\u00a0koa\u207f-hong\u00a0\u00ea\u00a0kh\u00f2a\u207f-hoat.<br \/>\n\u770b\u4e86\u8c37\u795e\u7236\u8aaa\u6cd5\uff0c\u8b93\u4eba\u9a5a\u8a1d\uff01\u6211\u53ea\u80fd\u8aaa\uff0c<span style=\"color: #ff00ff;\"><strong>\u53ea\u6709\u904e\u8def\u5ba2\u5fc3\u614b\u7684\u4eba\uff0c\u624d\u4e0d\u8a8d\u70ba\u300c\u6587\u8072\u5177\u6709\u53f0\u7063\u6587\u5316\u907a\u7522\u50f9\u503c\u300d\u3002<\/strong><\/span>\u5e0c\u671b\u9019\u53ea\u662f\u8c37\u795e\u7236\u7684\u8a8d\u77e5\uff0c\u6211\u5b8c\u5168\u4e0d\u76f8\u4fe1\u9019\u662f\u5929\u4e3b\u6559\u6703\u5b98\u65b9\u7684\u770b\u6cd5\u3002<\/p>\n<p><a href=\"\/home\/wp-content\/uploads\/2018\/06\/\u6587\u8072\u88ab\u62c6\uff0c\u5929\u4e3b\u6559\u8aaa\u6cd5\u3002-3.png\"><img loading=\"lazy\" decoding=\"async\" class=\"alignnone size-full wp-image-6063\" src=\"\/home\/wp-content\/uploads\/2018\/06\/\u6587\u8072\u88ab\u62c6\uff0c\u5929\u4e3b\u6559\u8aaa\u6cd5\u3002-3.png\" alt=\"\" width=\"1572\" height=\"984\" srcset=\"https:\/\/digitaiwan.com\/home\/wp-content\/uploads\/2018\/06\/\u6587\u8072\u88ab\u62c6\uff0c\u5929\u4e3b\u6559\u8aaa\u6cd5\u3002-3.png 1572w, https:\/\/digitaiwan.com\/home\/wp-content\/uploads\/2018\/06\/\u6587\u8072\u88ab\u62c6\uff0c\u5929\u4e3b\u6559\u8aaa\u6cd5\u3002-3-250x156.png 250w, https:\/\/digitaiwan.com\/home\/wp-content\/uploads\/2018\/06\/\u6587\u8072\u88ab\u62c6\uff0c\u5929\u4e3b\u6559\u8aaa\u6cd5\u3002-3-400x250.png 400w, https:\/\/digitaiwan.com\/home\/wp-content\/uploads\/2018\/06\/\u6587\u8072\u88ab\u62c6\uff0c\u5929\u4e3b\u6559\u8aaa\u6cd5\u3002-3-300x188.png 300w, https:\/\/digitaiwan.com\/home\/wp-content\/uploads\/2018\/06\/\u6587\u8072\u88ab\u62c6\uff0c\u5929\u4e3b\u6559\u8aaa\u6cd5\u3002-3-768x481.png 768w, https:\/\/digitaiwan.com\/home\/wp-content\/uploads\/2018\/06\/\u6587\u8072\u88ab\u62c6\uff0c\u5929\u4e3b\u6559\u8aaa\u6cd5\u3002-3-1024x641.png 1024w\" sizes=\"auto, (max-width: 709px) 85vw, (max-width: 909px) 67vw, (max-width: 1362px) 62vw, 840px\" \/><\/a><\/p>\n<p>Kok-s\u00een-h\u016b\u00a0ch\u00ed-chhut,\u00a0s\u012bm-ch\u00ec\u00a0\u016b\u00a0ch\u00e8ng-h\u00fa\u00a0j\u00een-\u00f4an\u00a0k\u0101 i\u00a0k\u00f3ng\u00a0t\u00f9i\u00a0k\u00e0u-tn\u0302g\u00a0\u016b-k\u00e1m-ch\u00eang,\u00a0t\u0101n-s\u012b i\u00a0t\u00f2-th\u00e2u-mn\u0304g: &#8220;K\u00e0u-tn\u0302g\u00a0l\u0101i-t\u00e9\u00a0\u016b-s\u00edm-mi\u030dh,\u00a0l\u00ed\u00a0chai-m\u0101?\u00a0\u016a-k\u00e1m-ch\u00eang\u00a0\u00e0n-ch\u00f3a\u207f\u00a0m\u0304-l\u00e2i\u00a0ni\u00e1-s\u00e9\u00a0s\u00ecn-k\u00e0u?&#8221;<br \/>\n\u8c37\u795e\u7236\u9084\u6307\u51fa\uff0c\u751a\u81f3\u6709\u653f\u5e9c\u4eba\u54e1\u8ddf\u4ed6\u8aaa\u5c0d\u6559\u5802\u6709\u611f\u60c5\uff0c\u4f46\u4ed6\u53cd\u554f\uff1a\u300c\u6559\u5802\u88e1\u9762\u6709\u4ec0\u9ebc\uff0c\u4f60\u77e5\u9053\u55ce\uff1f\u6709\u611f\u60c5\u70ba\u4f55\u4e0d\u9818\u6d17\u4fe1\u6559\uff1f\u300d<\/p>\n<p>Si\u016b-l\u00e2ng\u00a0k\u00e9ng-gi\u00f3ng\u00a0\u00ea\u00a0s\u00een-chit\u00a0j\u00een-\u00f4an,\u00a0\u0113-\u00e1n-ne\u00a0mn\u0304g-m\u0101? K\u00f2-j\u00een\u00a0s\u00ecn-gi\u00f3ng\u00a0s\u012b i\u014dng-l\u00e2i\u00a0kau-\u014da\u207f-\u00ea\u00a0m\u0101? G\u00f3a\u00a0m\u0101-beh\u00a0h\u00f3an-b\u016bn, S\u00f3\u0358-\u016b\u00a0Ta-khe\u00a0ni\u00e1-s\u00e9\u00a0\u00ea\u00a0k\u00e0u-i\u00fa\u00a0l\u00f3ng&#8211;chi-chh\u00ee\u00a0k\u00f2ng-ti\u0101u\u00a0B\u00fbn-sia\u207f\u00a0m\u0101?<br \/>\n\u8b93\u4eba\u666f\u4ef0\u7684\u795e\u8077\u4eba\u54e1\uff0c\u6703\u9019\u6a23\u554f\u55ce\uff1f\u500b\u4eba\u4fe1\u4ef0\u662f\u7528\u4f86\u4ea4\u63db\u7684\u55ce\uff1f\u6211\u4e5f\u6703\u53cd\u554f\uff0c\u6240\u6709\u7901\u6eaa\u9818\u6d17\u6559\u53cb\u90fd\u652f\u6301\u7838\u6389\u6587\u8072\u55ce\uff1f<\/p>\n<p>Kok-s\u00een-h\u016b\u00a0koh-k\u00f3ng,\u00a0bat\u00a0th\u00ea-chhut\u00a0tong-kio\u030dk\u00a0\u00e0i-beh\u00a0p\u00f3-li\u00fb,\u00a0\u0113-s\u00e1i\u00a0i\u014dng\u00a0chh\u012b-k\u00e8\u00a0hi\u00f2ng\u00a0k\u00e0u-h\u014de\u00a0b\u00e9&#8211;lo\u030dh-l\u00e2i,\u00a0m\u0304-koh in\u00a0koh-b\u00f4\u00a0\u00e1n-ne-ch\u00f2. K\u00f3ng-thiah-pe\u030dh,\u00a0\u00e0n\u00a0s\u016b-ki\u0101\u207f-tiong\u00a0kh\u00f2a\u207f-tio\u030dh\u00a0o\u0358-\u00e0m, &#8220;Ta\u030dk-ke\u00a0l\u00f3ng-s\u012b\u00a0\u016bi-tio\u030dh\u00a0ka-k\u012b\u00a0\u00ea\u00a0l\u012b-ek,\u00a0p\u0113ng-m\u0304-s\u012b\u00a0ch\u00e8ng-keng\u00a0\u00e0i-beh\u00a0p\u00f3-h\u014d\u0358\u00a0k\u016b-ki\u00e0n-tio\u030dk-bu\u030dt.&#8221;<br \/>\n\u8c37\u795e\u7236\u53c8\u8aaa\uff0c\u66fe\u63d0\u51fa\u7576\u5c40\u60f3\u8981\u4fdd\u7559\uff0c\u53ef\u4ee5\u7528\u5e02\u50f9\u5411\u6559\u6703\u8cb7\uff0c\u4f46\u4ed6\u5011\u53c8\u6c92\u6709\u9019\u6a23\u505a\u3002\u4e0d\u8af1\u8a00\uff0c\u5f9e\u4e8b\u4ef6\u4e2d\u770b\u5230\u9ed1\u6697\uff0c\u300c\u5927\u5bb6\u90fd\u662f\u70ba\u4e86\u81ea\u5df1\u7684\u5229\u76ca\uff0c\u4e26\u4e0d\u662f\u771f\u7684\u8981\u4fdd\u8b77\u820a\u5efa\u7bc9\u7269\u300d\u3002<\/p>\n<p>Chin-pi-ai! Chi\u030dt-ki\u0101\u207f\u00a0ta\u030dt-tit\u00a0h\u014d\u0358\u00a0ch\u0101i-T\u00e2i\u00a0Thian-ch\u00fa-k\u00e0u\u00a0kiau-ng\u014d\u0358 \u00ea &#8220;B\u00fbn-sia\u207f\u00a0le\u030dk-s\u00fa\u00a0kap\u00a0khong-kan&#8221;\u00a0i-\u00ea\u00a0k\u00f2ng-hi\u00e0n\u00a0p\u00fan-t\u00e9\u00a0s\u012b\u00a0Thian-ch\u00fa-k\u00e0u\u00a0si\u014dng-k\u00e0i-t\u014da\u00a0\u00ea\u00a0k\u00e8-ta\u030dt,\u00a0t\u0101n-t\u012b\u00a0Kok-s\u00een-h\u016b\u00a0ba\u030dk-chiu-l\u0101i\u00a0s\u012b\u00a0chiah-n\u00ed-\u00e1\u00a0b\u00f4-k\u00e8-ta\u030dt,\u00a0g\u00e1n-l\u0101i\u00a0ch\u00ed\u00a0kh\u00f2a\u207f-tio\u030dh XX\u00a0m\u0101?<br \/>\n\u60b2\u54c0\uff01\u4e00\u4ef6\u503c\u5f97\u5728\u53f0\u5929\u4e3b\u6559\u9a55\u50b2\u7684\u300c\u6587\u8072\u6b77\u53f2\u8207\u7a7a\u9593\u300d\u5176\u8ca2\u737b\u539f\u672c\u662f\u5929\u4e3b\u6559\u6703\u6700\u5de8\u5927\u7684\u50f9\u503c\uff0c\u4f46\u5728\u8c37\u795e\u7236\u773c\u88e1\u662f\u9019\u9ebc\u4e0d\u503c\u5f97\uff0c\u773c\u88e1\u53ea\u770b\u5230 XX \u55ce\uff1f<\/p>\n<h5>K\u00e2ng-ph\u00ec\u207f th\u00f3\u0358-t\u0113, chhi\u00e2\u207f pah-kh\u00f3an s\u00een-chit.<br \/>\n\u540c\u7247\u571f\u5730\uff0c\u80b2\u767e\u6b3e\u795e\u8077\u3002<\/h5>\n<p>B\u00f3e-chhi\u00fa,\u00a0\u01f9g-b\u0101ng\u00a0ch\u00e8ng-h\u00fa\u00a0kah\u00a0Thian-ch\u00fa-k\u00e0u\u00a0tong-kio\u030dk\u00a0\u0113-tit-thang\u00a0chh\u014de-chhut\u00a0kh\u00f3-h\u00eang\u00a0\u00ea\u00a0p\u014d\u0358-s\u00f2\u0358,\u00a0k\u00e8-sio\u030dk\u00a0h\u014d\u0358\u00a0B\u00fbn-sia\u207f-k\u00f2\u0358-s\u016b\u00a0chiap-s\u00f2a-phi\u207f\u00a0hoat-kng-hoat-jia\u030dt. K\u00f2e-kh\u00ec\u00a0s\u00f3\u0358-\u016b-\u00ea\u00a0hun-ji\u00e1u to\u00a0kau-h\u014d\u0358\u00a0ka-k\u012b\u00a0s\u00ecn-gi\u00f3ng\u00a0\u00ea S\u00een-l\u00e0! <span style=\"color: #ff00ff;\"><strong>S\u00f3\u0358-\u016b-\u00ea &#8220;l\u00e2ng&#8221;\u00a0k\u00e0u-b\u00f3e\u00a0l\u00f3ng-\u00e0i\u00a0b\u012bn-t\u00f9i\u00a0ka-k\u012b-\u00ea\u00a0S\u00een &#8220;sa\u207f-\u016bi-it-th\u00e9&#8221;.<\/strong><\/span><br \/>\n\u6700\u5f8c\uff0c\u597d\u671f\u76fc\u653f\u5e9c\u8207\u5929\u4e3b\u6559\u7576\u5c40\u80fd\u52aa\u529b\u5c0b\u627e\u51fa\u53ef\u884c\u7684\u65b9\u6cd5\uff0c\u7e7c\u7e8c\u8b93\u6587\u8072\u6545\u4e8b\u4e8c\u90e8\u66f2\u767c\u5149\u767c\u71b1\u3002\u904e\u53bb\u6240\u6709\u7684\u7d1b\u64fe\u5c31\u4ea4\u7d66\u81ea\u5df1\u4fe1\u4ef0\u7684\u795e\u5427\uff01<span style=\"color: #ff00ff;\"><strong>\u6240\u6709\u300c\u4eba\u300d\u6700\u5f8c\u90fd\u8981\u9762\u5c0d\u81ea\u5df1\u7684\u795e\u300c\u4e09\u4f4d\u4e00\u9ad4\u300d\u3002<\/strong><\/span><\/p>\n<p style=\"text-align: center;\"><a href=\"\/?page_id=84\">Lim Bun-hoa (\u6797\u6587\u83ef)<\/a>\u30002018\/6\/16<\/p>\n","protected":false},"excerpt":{"rendered":"<p>Ta-khe ch\u00ed-kan-ta \u0113-t\u00e0ng \u00fai-sin ch\u00f2 G\u00ee-l\u00e2n \u00ea &#8220;e\u030dk &hellip; <a href=\"https:\/\/digitaiwan.com\/?page_id=6064\" class=\"more-link\">\u95b1\u8b80\u5168\u6587<span class=\"screen-reader-text\">\u3008\u7901\u6eaa\u53ea\u80fd\u59d4\u8eab\u70ba\u5b9c\u862d\u7684\u300c\u6d74\u5ba4\u300d\u55ce\uff1f\u3009<\/span><\/a><\/p>\n","protected":false},"author":1,"featured_media":0,"parent":8359,"menu_order":0,"comment_status":"closed","ping_status":"closed","template":"","meta":{"footnotes":""},"categories":[60],"tags":[36,77],"class_list":["post-6064","page","type-page","status-publish","hentry","category-60","tag-36","tag-77"],"_links":{"self":[{"href":"https:\/\/digitaiwan.com\/index.php?rest_route=\/wp\/v2\/pages\/6064","targetHints":{"allow":["GET"]}}],"collection":[{"href":"https:\/\/digitaiwan.com\/index.php?rest_route=\/wp\/v2\/pages"}],"about":[{"href":"https:\/\/digitaiwan.com\/index.php?rest_route=\/wp\/v2\/types\/page"}],"author":[{"embeddable":true,"href":"https:\/\/digitaiwan.com\/index.php?rest_route=\/wp\/v2\/users\/1"}],"replies":[{"embeddable":true,"href":"https:\/\/digitaiwan.com\/index.php?rest_route=%2Fwp%2Fv2%2Fcomments&post=6064"}],"version-history":[{"count":9,"href":"https:\/\/digitaiwan.com\/index.php?rest_route=\/wp\/v2\/pages\/6064\/revisions"}],"predecessor-version":[{"id":6114,"href":"https:\/\/digitaiwan.com\/index.php?rest_route=\/wp\/v2\/pages\/6064\/revisions\/6114"}],"up":[{"embeddable":true,"href":"https:\/\/digitaiwan.com\/index.php?rest_route=\/wp\/v2\/pages\/8359"}],"wp:attachment":[{"href":"https:\/\/digitaiwan.com\/index.php?rest_route=%2Fwp%2Fv2%2Fmedia&parent=6064"}],"wp:term":[{"taxonomy":"category","embeddable":true,"href":"https:\/\/digitaiwan.com\/index.php?rest_route=%2Fwp%2Fv2%2Fcategories&post=6064"},{"taxonomy":"post_tag","embeddable":true,"href":"https:\/\/digitaiwan.com\/index.php?rest_route=%2Fwp%2Fv2%2Ftags&post=6064"}],"curies":[{"name":"wp","href":"https:\/\/api.w.org\/{rel}","templated":true}]}}